Suppose n = -2*y - 2*b - 46, 20*y - 3*b + 51 = 17*y. Let j(p) = -p**3 - 19*p**2 + 21*p + 15. What is j(y)?
-5
Let w(q) = 29*q**2 - 27*q**2 + 35*q**2 - 20 + 22*q - 35*q**2. Give w(-10).
-40
Let q(j) = j**3 + j**2 - 4 - 1 + 3*j**2. Let f be (-10 - 5490/(-432)) + 14/(-6) - 108/32. Determine q(f).
4
Let d(r) = -r**3 - r**2 + 13*r - 1. Let l(n) = 6*n**3 - 6*n**2 - 62*n + 14. Let k(t) = 5*d(t) + l(t). Give k(10).
-61
Let y(o) = 2*o**2 + 6*o + 9. Suppose z + 52 = -12*z. Calculate y(z).
17
Let s(l) be the second derivative of 35*l**3/6 - 37*l**2/2 - 144*l - 12. Give s(1).
-2
Let h(k) = -5*k**3 + 5*k + 10. Let u(s) = 4*s**3 + s**2 - 5*s - 9. Let c(w) = -5*h(w) - 6*u(w). Let x = -4237 - -4242. Determine c(x).
4
Suppose 4*p - 33 = -q, p - 3*q + 27 = 5*p. Suppose -p - 3 = -12*a. Let d(m) = 17*m + 1. Let t(v) = -2. Let b(l) = -d(l) - t(l). Give b(a).
-16
Let g(x) be the third derivative of -x**4/24 - x**3/2 - 18*x**2 + 1. Let t = 409 - 419. What is g(t)?
7
Let k(i) be the third derivative of -7/120*i**5 + 0*i + 8*i**2 - 1/360*i**6 + 0 + i**3 - 7/24*i**4. Let f(z) be the first derivative of k(z). What is f(-7)?
-7
Suppose -9*i - 15*i + 96 = 0. Suppose -i*p + 1 = 5*y + 16, 4*y = -4*p - 20. Let t(b) = b**2 + 6*b. Let r(d) = -d. Let m(a) = -4*r(a) + t(a). Determine m(p).
0
Let t(u) = 2*u**2 + 19*u + 1. Let n(j) = -j**2 - 10*j. Let f(g) = -5*n(g) - 3*t(g). Suppose 3*b = -9, 27*b = 4*l + 32*b + 39. Determine f(l).
3
Let c(b) = b**2 + 4*b + 5. Let l(r) = r + 3. Let w be l(-7). Let n = -451 - -431. Let u be (-30)/n + 30/w. Determine c(u).
17
Let u(d) be the third derivative of d**5/60 - 11*d**4/24 - 3*d**3 + 1218*d**2. Calculate u(11).
-18
Suppose 122 = 27*c - 96 - 25. Let d(o) = o**2 - 9*o + 7. What is d(c)?
7
Let m(l) = -l**3 - l. Suppose 46*j - 103 = 149*j. Give m(j).
2
Let f(u) = u**2 + 6. Suppose 4*i - 39*a + 20 = -40*a, -4*i - 5*a = 4. Give f(i).
42
Let a = 18 - -15. Let l be a/9 - (-1)/3. Let y(s) = l + 8*s + 11*s - 20*s - 2. What is y(4)?
-2
Let y = 27791 - 27778. Let u(x) = -3*x + 68. Give u(y).
29
Let k(g) be the third derivative of -1/6*g**3 + 96*g**2 + 0*g - 1/30*g**5 + 1/12*g**4 + 0. Determine k(2).
-5
Let p(d) be the second derivative of -d**5/20 + 2*d**4/3 - 11*d**3/6 + 8*d**2 + 825*d. Let u(y) = y**3 - 11*y**2 - 12*y + 7. Let o be u(12). What is p(o)?
-12
Let y(b) be the first derivative of -7*b + 19 + 1/6*b**3 + 2*b**2. Let w(o) be the first derivative of y(o). Give w(0).
4
Suppose 0 = 40*d - 69*d + 2*d + 54. Let v(o) = 2 - 2*o**3 + 2*o**2 + 3*o - 3*o. What is v(d)?
-6
Let j be (-251)/10 - 14/(-140). Let a = j + 24. Let l(x) = -7*x**2 - 1. Determine l(a).
-8
Let x(o) = -8. Let b(f) be the first derivative of -f**2/2 - f - 3. Let p(g) = -3*b(g) + x(g). Let q(y) = y + 12. Let d be q(-6). Calculate p(d).
13
Let b = 14915 + -14926. Let l(n) = 16*n + 184. Determine l(b).
8
Suppose 14*k - 12*k = 0. Let o(v) = -v + 120 - 121 + k*v + v**2. Suppose 0 = 4*j + 7 + 9. Give o(j).
19
Let u(c) = -3*c**3 + 22*c**2 - 22*c + 491. Let n(z) = z**3 - 7*z**2 + 7*z - 141. Let m(o) = -7*n(o) - 2*u(o). What is m(6)?
-61
Let f(d) be the second derivative of d**5/10 + 31*d**4/12 + 5*d**3/2 - 15*d**2/2 - 6725*d. Determine f(-15).
-15
Let n(d) = -3*d + 12. Let u(w) = -10*w + 37. Let s(k) = 7*n(k) - 2*u(k). Suppose -5*t + 2 = -98. Let m = -13 + t. Determine s(m).
3
Suppose 4*u + 2*z + 14 = 0, 0 = 4*u - 2*z - 13 + 47. Let a(r) be the first derivative of 2*r**3/3 + 7*r**2/2 - 8*r - 1223. What is a(u)?
22
Let g be 0/(4/(-8)*-8). Let b(k) be the second derivative of -k**5/20 + k**4/12 - 9*k**2/2 + 218*k + 1. What is b(g)?
-9
Let m(v) = -v**3 + 2*v - 9. Suppose -5 = 5*g - 2*h, -2*g + 2*h - 94 + 98 = 0. Give m(g).
12
Let w(v) = 6*v**3 - v - 1. Let n(c) = -c**2 + 6*c + 9. Let u be n(7). Suppose u*p + t + 13 = 6*p, -t = p - 2. Suppose 4*k = -p*k - 7. Calculate w(k).
-6
Let d(g) = -6*g + 30 + 20738*g**2 + 21*g - 20737*g**2. Determine d(-2).
4
Let o(v) = -2*v - 10. Let z be o(11). Let l = z + 27. Let n(x) = -x - 10. Let t be n(l). Let s(u) = -u**3 - 4*u**2 + 6*u. Determine s(t).
-5
Let i(x) = -37*x - 26. Let q(w) = 136*w + 102. Let s(p) = 11*i(p) + 3*q(p). Give s(-20).
0
Let y(h) be the second derivative of -h**5/20 - h**4/4 - h**3/3 + h**2 - 2192*h. Give y(-2).
2
Let n(w) = -4*w + 1. Let b(h) be the first derivative of 0*h + 3/2*h**2 - 7. Let g(p) = -3*b(p) - 2*n(p). What is g(0)?
-2
Suppose 21*x + 9*x - 84 = -12*x. Let i(o) be the first derivative of 1/4*o**4 - 2*o**3 - 4*o**x - 23 - 2*o. Calculate i(7).
-9
Let x(h) = 8 + 13*h**2 - 25 + 6603*h - 13235*h - h**3 + 6633*h. What is x(13)?
-4
Let f(b) = b**3 - 12*b**2 + 9*b + 10. Let k be 16 + -13 + 0 + 1 + -1 + 8. Calculate f(k).
-12
Let l(a) be the first derivative of 13*a - 1/2*a**2 + 8. Give l(7).
6
Let q(u) be the second derivative of -u**4/12 - 19*u**3/6 - 29*u**2 - u - 79. Determine q(-18).
-40
Let q(w) be the third derivative of w**7/840 - w**6/36 + w**5/40 + 11*w**4/24 + 21*w**3/2 - 183*w**2. Let n(x) be the first derivative of q(x). What is n(9)?
-43
Let c(r) = 9*r + 4. Let i = 556 + -573. Let l be ((1/3)/1)/(i/(-153)). What is c(l)?
31
Let z(b) = -b + 1. Let x(w) = -3. Let o be 160/(-26) + 18/117. Let k(u) = o*z(u) - 2*x(u). Calculate k(3).
18
Let z(g) = 7*g**3 + 5*g**2 - g + 12. Let v(n) = -6*n**3 - 5*n**2 - 11. Let f(b) = -6*v(b) - 5*z(b). Suppose 27*m - 26*m = -12. Let p = 8 + m. Determine f(p).
2
Let k(n) be the first derivative of 4/3*n**3 + n + 84 - 1/4*n**4 + 0*n**2. Let y = 15 - 11. Determine k(y).
1
Let w(a) = -2*a**2 + 1. Let i be (-280)/(-32) + -8 + (-21)/12. Determine w(i).
-1
Let z = 16 - 6. Let x be (-4 - z/(-4))*88/6. Let w = x + 19. Let i(g) = g**3 + 3*g**2 - 3*g - 3. What is i(w)?
6
Let l(a) = 27*a - 21*a + 73 - 43*a + 31*a. Give l(12).
1
Let y(g) be the second derivative of -g**3/6 + g**2/2 + 158*g. Let q(t) = -6*t + 4. Let j(z) = 2*q(z) - 9*y(z). Give j(-6).
17
Let q(h) = -9*h**2 + h - 1. Let u be (-20)/11 - 4/110*5. Determine q(u).
-39
Let v(m) = -m**3 - 10*m**2 - 8*m + 9. Let z(s) = 3*s**2 - 6*s + 1. Let b be z(3). Suppose b*w - 1 = -91. Determine v(w).
0
Let n(h) = -7*h**3 + 7*h**2 + 7*h - 6. Let g(z) = 2*z**3 - z**2. Let a(i) = -3*g(i) - n(i). Let m = 7 + -6. Let v be (m + 1)/((-12)/(-30)). What is a(v)?
-4
Let z(w) = -w + 1. Let x(j) = j**3 + 4*j**2 - 11*j. Let s(u) = x(u) - 6*z(u). Determine s(-3).
18
Suppose 0 = -5*a + 3*h + 42, -747*a + 751*a + 3*h - 12 = 0. Let u(l) = -l**2 + 7*l - 5. What is u(a)?
1
Let s = 2 + -3. Let r(x) = 59*x**2 - 17*x + 37. Suppose -3*f + 12 = -39. Let o(b) = 20*b**2 - 6*b + 13. Let c(z) = f*o(z) - 6*r(z). Give c(s).
-15
Let l(v) = -45*v - 230. Let r be l(-5). Let s(b) = -58*b - 8. Let w(i) = 48*i + 7. Let o(q) = 5*s(q) + 6*w(q). Calculate o(r).
12
Let j be (-1 + 1)/(29/232 + 27/(-24)). Let w(g) = 3*g**2 - 81. Determine w(j).
-81
Let o be ((-75)/(-10))/(6/4). Let s(q) = -1310*q + 5 + 1309*q + o. What is s(6)?
4
Let w(k) = -10 + k**2 - 18 - k - 10 + 39. Let r(u) = -u**3 - 5*u**2 + 7*u + 3. Let p be ((-48)/(-36))/(2/(-9)). Let o be r(p). What is w(o)?
13
Let q(d) = -540*d + 2 + 1072*d - 533*d. Let u(i) = i**3 + 3*i**2 - 4*i - 5. Let g be u(-4). Let z(h) = h**2 + 5*h + 7. Let m be z(g). What is q(m)?
-5
Let t(w) = -27*w**2 + 17*w - 53. Let m(u) = -17*u**2 + 11*u - 35. Let i(j) = -8*m(j) + 5*t(j). Calculate i(6).
33
Let a(j) be the second derivative of j**4/6 + 65*j**3/6 - 55*j**2 + j + 635. What is a(-34)?
-8
Let v(p) = p**2 + 14*p + 8. Let n(j) = -166*j**3 - 2*j**2 + 7*j + 8. Let c be n(-1). Let l = -178 + c. Calculate v(l).
-5
Suppose -r - 3*p + 2 = -2*r, -2*p = 2. Let x be -1 + 1 + -2 - r. Let s(c) = -5*c**3 - 2*c + 10*c**3 - c - 6*c**x - 3*c**2. Calculate s(-3).
9
Let y(g) = -58 + 1605*g - 32 - 1598*g - 21. Calculate y(18).
15
Suppose -100*z = -1240 + 440. Let f(v) = -v**3 + 10*v**2 - 16*v - 17. What is f(z)?
-17
Let v(q) = q**2 - 5*q + 3. Let y(n) = n**2 - 4*n + 36. Let i be y(7). Suppose -61*z = -i*z - 16. Give v(z).
-1
Let u(x) = x**2 - 103*x + 208. Suppose 0 = -116*i + 291 - 59. Determine u(i).
6
Let l = -26101 - -26096. Let n(r) be the first derivative of 3*r**2/2 + 14*r + 5. Give n(l).
-1
Let h(u) = 4*u**2 + 6*u + 213 - 625 - u**3 + 205 + 211. Suppose 0*q - 3*q + 39 = 4*k, -15 = -q - 2*k. Suppose q*g - 20 = 5*g. Give h(g).
9
Let q(d) = -2*d**2 - 4 + 396*d - 406*d + 